lculate the remainder when 259498 is divided by 19822.
1812
What is the remainder when 304680 is divided by 30457?
110
What is the remainder when 104902 is divided by 4370?
22
Calculate the remainder when 1478797 is divided by 246458.
49
What is the remainder when 124231760 is divided by 2803?
2800
Calculate the remainder when 10114646 is divided by 455.
451
Calculate the remainder when 14619114 is divided by 14619063.
51
Calculate the remainder when 126789 is divided by 540.
429
What is the remainder when 8009072 is divided by 800906?
12
Calculate the remainder when 21448 is divided by 22.
20
What is the remainder when 23203 is divided by 5038?
3051
Calculate the remainder when 306793264 is divided by 341.
338
What is the remainder when 2481554 is divided by 206796?
2
Calculate the remainder when 1461802 is divided by 74.
6
Calculate the remainder when 25042800 is divided by 201958.
8
Calculate the remainder when 817865 is divided by 408912.
41
What is the remainder when 179582 is divided by 178785?
797
Calculate the remainder when 2748201 is divided by 67.
62
What is the remainder when 1692829 is divided by 2072?
5
What is the remainder when 438582 is divided by 109370?
1102
What is the remainder when 3220422 is divided by 1724?
1714
What is the remainder when 139259 is divided by 139169?
90
Calculate the remainder when 28741916 is divided by 83.
12
Calculate the remainder when 385956291 is divided by 128652097.
0
Calculate the remainder when 200823 is divided by 151.
144
Calculate the remainder when 35833 is divided by 2561.
2540
What is the remainder when 18802993 is divided by 2350362?
97
What is the remainder when 745370 is divided by 593?
562
Calculate the remainder when 8166276 is divided by 835.
811
Calculate the remainder when 798303 is divided by 798187.
116
Calculate the remainder when 22461 is divided by 322.
243
Calculate the remainder when 1650198 is divided by 157.
128
What is the remainder when 482313 is divided by 213?
81
Calculate the remainder when 253756 is divided by 2305.
206
Calculate the remainder when 4466324 is divided by 893138.
634
Calculate the remainder when 560947 is divided by 140137.
399
Calculate the remainder when 164203750 is divided by 106.
104
What is the remainder when 746438 is divided by 51?
2
Calculate the remainder when 555797 is divided by 555462.
335
What is the remainder when 3177543 is divided by 1584?
39
What is the remainder when 6883271 is divided by 487?
13
Calculate the remainder when 3205687 is divided by 1102.
1071
Calculate the remainder when 1221340 is divided by 478.
50
What is the remainder when 768454 is divided by 2495?
2489
Calculate the remainder when 838979 is divided by 419483.
13
Calculate the remainder when 3873938 is divided by 1936965.
8
What is the remainder when 563452 is divided by 37554?
142
Calculate the remainder when 1230243 is divided by 1765.
38
Calculate the remainder when 3616823 is divided by 1650.
23
What is the remainder when 895049 is divided by 2230?
819
Calculate the remainder when 13813 is divided by 1096.
661
What is the remainder when 731790 is divided by 1619?
2
Calculate the remainder when 388109 is divided by 232.
205
Calculate the remainder when 1707846 is divided by 284639.
12
What is the remainder when 1015755 is divided by 34?
5
Calculate the remainder when 5890584 is divided by 453106.
206
Calculate the remainder when 476797 is divided by 79049.
2503
Calculate the remainder when 89469 is divided by 8681.
2659
Calculate the remainder when 120606 is divided by 2461.
17
What is the remainder when 81347219 is divided by 5?
4
What is the remainder when 122203 is divided by 779?
679
What is the remainder when 1381460 is divided by 98663?
178
Calculate the remainder when 321020 is divided by 322.
308
Calculate the remainder when 233125 is divided by 1260.
25
What is the remainder when 20813 is divided by 731?
345
Calculate the remainder when 35318 is divided by 691.
77
Calculate the remainder when 364685 is divided by 1757.
986
Calculate the remainder when 2036544 is divided by 41.
33
What is the remainder when 1354377 is divided by 9819?
9174
Calculate the remainder when 26926158 is divided by 10.
8
Calculate the remainder when 258427 is divided by 595.
197
What is the remainder when 343075 is divided by 1131?
382
What is the remainder when 108043 is divided by 3243?
1024
Calculate the remainder when 51984709 is divided by 73.
22
What is the remainder when 3874668 is divided by 3346?
0
Calculate the remainder when 547308686 is divided by 16.
14
Calculate the remainder when 48804968 is divided by 29.
27
Calculate the remainder when 666126 is divided by 272.
270
Calculate the remainder when 344643 is divided by 1335.
213
What is the remainder when 2931197 is divided by 100?
97
What is the remainder when 44416222 is divided by 48?
46
What is the remainder when 141538 is divided by 1077?
451
What is the remainder when 435490 is divided by 21752?
450
What is the remainder when 734290 is divided by 24472?
130
What is the remainder when 1829207 is divided by 6?
5
Calculate the remainder when 577639241 is divided by 434.
431
Calculate the remainder when 64197 is divided by 3709.
1144
Calculate the remainder when 64665 is divided by 64625.
40
What is the remainder when 22877010 is divided by 79434?
18
What is the remainder when 35760362 is divided by 8940081?
38
Calculate the remainder when 14868902 is divided by 239.
234
What is the remainder when 414473 is divided by 29564?
577
Calculate the remainder when 2031568 is divided by 479.
129
What is the remainder when 29868180 is divided by 63?
6
What is the remainder when 58617 is divided by 905?
697
Calculate the remainder when 911435 is divided by 32546.
147
Calculate the remainder when 5306651 is divided by 306.
305
Calculate the remainder when 6527 is divided by 357.
101
What is the remainder when 618818 is divided by 184?
26
Calculate the remainder when 110703744 is divided by 231.
228
Calculate the remainder when 288704 is divided by 324.
20
What is the remainder when 4543595 is divided by 90?
35
What is the remainder when 242659 is divided by 1767?
580
Calculate the remainder when 61739 is divided by 1312.
75
Calculate the remainder when 3371208 is divided by 52.
48
What is the remainder when 8328399 is divided by 940?
939
What is the remainder when 11607098 is divided by 29?
22
Calculate the remainder when 721051 is divided by 3924.
2959
Calculate the remainder when 3860824 is divided by 68.
56
Calculate the remainder when 263557 is divided by 131774.
9
What is the remainder when 181524786 is divided by 60508257?
15
Calculate the remainder when 32979453 is divided by 612.
609
Calculate the remainder when 60034950 is divided by 180285.
45
What is the remainder when 1000168 is divided by 5527?
5308
Calculate the remainder when 71227723 is divided by 17806927.
15
Calculate the remainder when 19908226 is divided by 3436.
42
What is the remainder when 7516 is divided by 7350?
166
Calculate the remainder when 1480032 is divided by 247.
8
Calculate the remainder when 8988966 is divided by 38.
28
Calculate the remainder when 2015215 is divided by 8119.
1703
What is the remainder when 5321785 is divided by 3245?
3230
Calculate the remainder when 190527 is divided by 95258.
11
What is the remainder when 607241418 is divided by 10?
8
What is the remainder when 1204260 is divided by 76?
40
Calculate the remainder when 24206 is divided by 2194.
72
Calculate the remainder when 172393 is divided by 187.
166
What is the remainder when 51379403 is divided by 11?
9
Calculate the remainder when 2106285 is divided by 38.
21
What is the remainder when 110000733 is divided by 63?
24
What is the remainder when 188944495 is divided by 150?
145
Calculate the remainder when 1896953 is divided by 5100.
4853
What is the remainder when 6558400 is divided by 1311661?
95
What is the remainder when 18547 is divided by 18428?
119
What is the remainder when 27519303 is divided by 260?
123
What is the remainder when 9503624 is divided by 2097?
20
What is the remainder when 22963205 is divided by 854?
853
Calculate the remainder when 3153514 is divided by 614.
10
Calculate the remainder when 4134577 is divided by 4134519.
58
What is the 